actors of 4725041.
67, 109, 647
What are the prime factors of 434111?
434111
What are the prime factors of 3702664?
2, 7, 37, 1787
List the prime factors of 480338.
2, 240169
List the prime factors of 644279.
101, 6379
List the prime factors of 77449.
41, 1889
List the prime factors of 23576889.
3, 7, 160387
List the prime factors of 3055569.
3, 11, 92593
List the prime factors of 806102.
2, 11, 3331
What are the prime factors of 100368?
2, 3, 17, 41
What are the prime factors of 1008993?
3, 89, 3779
What are the prime factors of 447080?
2, 5, 11177
What are the prime factors of 107278?
2, 53639
List the prime factors of 3621743.
109, 149, 223
What are the prime factors of 224495?
5, 59, 761
List the prime factors of 21330861.
3, 131, 54277
List the prime factors of 2501698.
2, 331, 3779
What are the prime factors of 10483589?
10483589
List the prime factors of 789718.
2, 17, 23227
List the prime factors of 172489.
172489
List the prime factors of 307948.
2, 167, 461
What are the prime factors of 552087?
3, 61343
What are the prime factors of 44741?
44741
What are the prime factors of 492710?
2, 5, 29, 1699
What are the prime factors of 5467019?
5467019
What are the prime factors of 1583450?
2, 5, 11, 2879
What are the prime factors of 7278838?
2, 7, 519917
What are the prime factors of 686052?
2, 3, 17, 19, 59
What are the prime factors of 14377?
11, 1307
What are the prime factors of 4330181?
4330181
List the prime factors of 4452099.
3, 19, 37, 2111
What are the prime factors of 590842?
2, 7, 6029
List the prime factors of 10586726.
2, 599, 8837
What are the prime factors of 2785837?
19, 7717
What are the prime factors of 16222143?
3, 7, 19, 109, 373
What are the prime factors of 826933?
43, 19231
What are the prime factors of 13861697?
19, 67, 10889
What are the prime factors of 4100892?
2, 3, 563, 607
What are the prime factors of 5438348?
2, 937, 1451
List the prime factors of 13887413.
743, 18691
List the prime factors of 10329385.
5, 11, 109, 1723
What are the prime factors of 1297813?
11, 127, 929
What are the prime factors of 2294711?
17, 347, 389
What are the prime factors of 2307011?
7, 67, 4919
List the prime factors of 146139.
3, 7, 6959
What are the prime factors of 22305380?
2, 5, 1115269
List the prime factors of 25642.
2, 12821
What are the prime factors of 891529?
31, 28759
List the prime factors of 967398.
2, 3, 161233
What are the prime factors of 14152000?
2, 5, 29, 61
List the prime factors of 5454904.
2, 7, 13, 59, 127
What are the prime factors of 4983673?
41, 121553
List the prime factors of 129920.
2, 5, 7, 29
What are the prime factors of 2973060?
2, 3, 5, 83, 199
List the prime factors of 2779510.
2, 5, 19, 14629
List the prime factors of 861540.
2, 3, 5, 83, 173
What are the prime factors of 354435?
3, 5, 23629
What are the prime factors of 2382923?
19, 167, 751
List the prime factors of 15963390.
2, 3, 5, 83, 2137
List the prime factors of 7285269.
3, 283, 8581
List the prime factors of 71648.
2, 2239
What are the prime factors of 139685?
5, 7, 13, 307
List the prime factors of 27556310.
2, 5, 701, 3931
List the prime factors of 18315945.
3, 5, 191, 2131
What are the prime factors of 36348?
2, 3, 13, 233
List the prime factors of 7770580.
2, 5, 388529
List the prime factors of 3236290.
2, 5, 17, 19037
What are the prime factors of 739898?
2, 19, 19471
What are the prime factors of 1239964?
2, 11, 28181
What are the prime factors of 1182973?
11, 41, 43, 61
List the prime factors of 53898.
2, 3, 13, 691
List the prime factors of 2574495.
3, 5, 7, 11, 743
What are the prime factors of 2985424?
2, 13, 31, 463
List the prime factors of 1676384.
2, 52387
What are the prime factors of 307992?
2, 3, 41, 313
List the prime factors of 592447.
389, 1523
List the prime factors of 29775543.
3, 7, 1417883
What are the prime factors of 2090388?
2, 3, 17, 10247
List the prime factors of 1685101.
11, 153191
What are the prime factors of 1464263?
1464263
What are the prime factors of 325387?
107, 3041
What are the prime factors of 311847?
3, 19, 5471
What are the prime factors of 9273?
3, 11, 281
List the prime factors of 328309.
29, 11321
List the prime factors of 3465720.
2, 3, 5, 3209
List the prime factors of 1101617.
11, 17, 43, 137
What are the prime factors of 36235299?
3, 19, 635707
List the prime factors of 2394644.
2, 7, 85523
What are the prime factors of 40579151?
379, 107069
List the prime factors of 7606175.
5, 19, 67, 239
What are the prime factors of 492686?
2, 246343
What are the prime factors of 296154?
2, 3, 16453
List the prime factors of 2049734.
2, 79, 12973
What are the prime factors of 2659989?
3, 886663
List the prime factors of 2740774.
2, 17, 80611
List the prime factors of 1243831.
97, 12823
List the prime factors of 10387978.
2, 5193989
List the prime factors of 10017818.
2, 29, 172721
What are the prime factors of 5176899?
3, 7, 13, 43
List the prime factors of 84918.
2, 3, 14153
What are the prime factors of 210764?
2, 52691
What are the prime factors of 26189163?
3, 7, 11, 13, 17, 19
List the prime factors of 13360806.
2, 3, 727, 1021
What are the prime factors of 11980114?
2, 71, 239, 353
What are the prime factors of 74979?
3, 2777
List the prime factors of 10874773.
7, 13, 119503
What are the prime factors of 751528?
2, 93941
List the prime factors of 3653767.
13, 53, 5303
What are the prime factors of 14893209?
3, 41, 40361
List the prime factors of 3927201.
3, 1309067
List the prime factors of 688203.
3, 71, 359
List the prime factors of 289475.
5, 11579
What are the prime factors of 9376138?
2, 4688069
What are the prime factors of 16416?
2, 3, 19
What are the prime factors of 1643982?
2, 3, 273997
What are the prime factors of 2564110?
2, 5, 17, 15083
List the prime factors of 4898182.
2, 2449091
What are the prime factors of 1122052?
2, 280513
List the prime factors of 1744989.
3, 581663
What are the prime factors of 151738?
2, 75869
What are the prime factors of 7348849?
7348849
What are the prime factors of 2018648?
2, 17, 14843
What are the prime factors of 1511289?
3, 13, 12917
What are the prime factors of 961854?
2, 3, 160309
List the prime factors of 479004.
2, 3, 179, 223
List the prime factors of 114734.
2, 57367
What are the prime factors of 15427210?
2, 5, 83, 18587
List the prime factors of 1296015.
3, 5, 7, 12343
List the prime factors of 4812204.
2, 3, 401017
What are the prime factors of 15507860?
2, 5, 775393
What are the prime factors of 4074835?
5, 19, 59, 727
What are the prime factors of 4138544?
2, 258659
What are the prime factors of 2496831?
3, 307, 2711
What are the prime factors of 2754922?
2, 557, 2473
What are the prime factors of 10265383?
23, 229, 1949
List the prime factors of 117810.
2, 3, 5, 7, 11, 17
What are the prime factors of 1467914?
2, 7, 104851
List the prime factors of 2745579.
3, 23, 39791
List the prime factors of 3192834.
2, 3, 41, 12979
What are the prime factors of 4215555?
3, 5, 23, 4073
List the prime factors of 713341.
31, 23011
List the prime factors of 2274896.
2, 13, 10937
What are the prime factors of 10098891?
3, 11, 37, 919
What are the prime factors of 11786722?
2, 829, 7109
List the prime factors of 2242634.
2, 1121317
What are the prime factors of 538728?
2, 3, 22447
List the prime factors of 143147.
43, 3329
What are the prime factors of 319300?
2, 5, 31, 103
List the prime factors of 9812877.
3, 3270959
What are the prime factors of 7820056?
2, 977507
What are the prime factors of 23717037?
3, 37, 43, 4969
What are the prime factors of 2074634?
2, 1037317
List the prime factors of 14855305.
5, 1187, 2503
List the prime factors of 190942.
2, 95471
List the prime factors of 16304799.
3, 7, 110917
List the prime factors of 111026.
2, 43, 1291
What are the prime factors of 102227?
151, 677
What are the prime factors of 296711?
47, 59, 107
List the prime factors of 1238812.
2, 337, 919
List the prime factors of 8294380.
2, 5, 229, 1811
List the prime factors of 3595142.
2, 19, 37, 2557
What are the prime factors of 4121256?
2, 3, 171719
What are the prime factors of 9050?
2, 5, 181
What are the prime factors of 13802?
2, 67, 103
List the prime factors of 3142393.
3142393
List the prime factors of 163581.
3, 11, 4957
List the prime f